+ -5?
16c3a6
In base 14, what is 29b + -c57a5?
-c5508
In base 3, what is -11 + 210012212221020?
210012212221002
In base 10, what is 152715 - -59?
152774
In base 12, what is 25161282 + -3?
2516127b
In base 8, what is -1216067 + 1250?
-1214617
In base 8, what is 1741354 + 2?
1741356
In base 16, what is -8b + -13ba9d?
-13bb28
In base 14, what is 21 + 410c?
412d
In base 16, what is -1 - b32c467?
-b32c468
In base 13, what is -3685 - -930?
-2a55
In base 3, what is -1221010 + -100212121?
-102210201
In base 9, what is -130025 - 54?
-130080
In base 11, what is -3 - -12a11105?
12a11102
In base 9, what is 1 + 2027463?
2027464
In base 11, what is 340aa + -4?
340a6
In base 5, what is 2 - 31142004?
-31142002
In base 6, what is 111532214 - 5?
111532205
In base 8, what is -634306157 - -5?
-634306152
In base 9, what is 118001 + 670?
118671
In base 14, what is 1d + -a81ad?
-a8190
In base 16, what is 37a8b1 + 1f?
37a8d0
In base 9, what is -441886 - 57?
-442054
In base 2, what is 11111111 + 11000000011101100?
11000000111101011
In base 9, what is 1056882 + 3?
1056885
In base 7, what is -12 - -23062041?
23062026
In base 5, what is -111 - -402341102?
402340441
In base 12, what is 576 - 8634?
-807a
In base 2, what is 1001100100101110001011 - 10?
1001100100101110001001
In base 11, what is -625 + a7164?
a663a
In base 16, what is -31 + -14895?
-148c6
In base 16, what is 0 - bb5ebe?
-bb5ebe
In base 2, what is 10010111100011100111010001 - 10?
10010111100011100111001111
In base 2, what is 1011001011 + -1000000110011010000?
-1000000101000000101
In base 5, what is 3 + 14331433310?
14331433313
In base 6, what is -11143415134 + 1?
-11143415133
In base 10, what is -421 - -82466?
82045
In base 8, what is 0 - -1207210?
1207210
In base 12, what is 19831 - 89?
19764
In base 6, what is 13114 - 55401?
-42243
In base 6, what is -14 - 1450253?
-1450311
In base 16, what is -140254b - -3?
-1402548
In base 10, what is 38571 - -286?
38857
In base 11, what is 1a + 7746?
7765
In base 15, what is -12148b - -15?
-121476
In base 16, what is 36d72f - 11?
36d71e
In base 3, what is -110121212021102 - 1010?
-110121212022112
In base 7, what is -3066302662 + -4?
-3066302666
In base 13, what is 116c0016 - -1?
116c0017
In base 9, what is 41 - -1448006?
1448047
In base 13, what is 13c727 - -7?
13c731
In base 11, what is -1765 + 92527?
90872
In base 16, what is 2 + -ba9a?
-ba98
In base 2, what is -1111111000100 - 111101000?
-10000110101100
In base 9, what is -10373851 - -14?
-10373836
In base 16, what is 6d45fb0 + -a?
6d45fa6
In base 3, what is 221122222000022 - 100?
221122221222222
In base 13, what is 19 + 4589677?
4589693
In base 10, what is 262 + 92973?
93235
In base 11, what is 4a8 - 328297?
-32789a
In base 11, what is -3a784347 + -8?
-3a784354
In base 15, what is 4c7790 + -7?
4c7788
In base 11, what is 592520a15 - 3?
592520a12
In base 11, what is -13076 - 8406?
-20481
In base 11, what is 2547 - -a323?
1186a
In base 9, what is 21123084 + -1?
21123083
In base 10, what is 376 + 434989?
435365
In base 10, what is 90922 + 92?
91014
In base 3, what is 122 - 2001121122?
-2001121000
In base 10, what is -4831827 - 4?
-4831831
In base 11, what is 140614810 + -5?
140614806
In base 7, what is -3150 + 203026?
166546
In base 14, what is 2 - 78d2d?
-78d2b
In base 11, what is -59a46 + -a9?
-5a044
In base 6, what is 442311 - -145212?
1031523
In base 9, what is 31 - -1016120?
1016151
In base 2, what is 10011101100100 - 1001001?
10011100011011
In base 6, what is 0 - 2252232?
-2252232
In base 5, what is -202 - 2001123?
-2001330
In base 13, what is -1c10 - 30838?
-32748
In base 3, what is -12 + 11211001101201?
11211001101112
In base 7, what is -31 - 2102106?
-2102140
In base 8, what is -16137 + -10526?
-26665
In base 8, what is 145 + 25377741?
25400106
In base 12, what is 66 - 34aaa94?
-34aaa2a
In base 10, what is 3035737 + 79?
3035816
In base 12, what is -1012435 + -b?
-1012444
In base 4, what is 1121332103 - -2202?
1122000311
In base 2, what is 100010010 + 11100011110001?
11101000000011
In base 2, what is 1101011000 - -10100100100100010111?
10100100110001101111
In base 15, what is -4 - 354d732?
-354d736
In base 13, what is 7 + -1117c25a?
-1117c253
In base 2, what is 11001 - 10110000010011011101110?
-10110000010011011010101
In base 14, what is -1532 - -11d0?
-342
In base 2, what is 101 - 10111100010010111001000001000?
-10111100010010111001000000011
In base 6, what is 24402215 + -10?
24402205
In base 5, what is -323220 + 43321?
-224344
In base 4, what is -213 - -321312332210?
321312331331
In base 9, what is 1 + 8004887?
8004888
In base 5, what is -114031040 + -14?
-114031104
In base 10, what is -240 - -104595?
104355
In base 6, what is -32103 + -404432?
-440535
In base 10, what is 25 + -690552?
-690527
In base 16, what is 2 - -40dad9b?
40dad9d
In base 12, what is 596 - aa12?
-a438
In base 7, what is -4400552054 + -1?
-4400552055
In base 14, what is 7017421 + 5?
7017426
In base 7, what is 501650 + -1013?
500634
In base 6, what is -100050 + -41133?
-141223
In base 10, what is -135202 - 26?
-135228
In base 3, what is -1111120111222211 + -10?
-1111120111222221
In base 6, what is -30513 + -103303?
-134220
In base 6, what is -25 + -103355245?
-103355314
In base 2, what is 110 + -1000100110001110110010001?
-1000100110001110110001011
In base 13, what is 58b2 - -a451?
13033
In base 6, what is 15345 - -114?
15503
In base 14, what is -19 + -3461618?
-3461633
In base 5, what is 10 + -132124313?
-132124303
In base 13, what is 3411033 - -5?
3411038
In base 13, what is -1515576 + 1?
-1515575
In base 8, what is -3 - 522753736?
-522753741
In base 14, what is 57 + 4dd3?
504a
In base 7, what is 144500536 - -1?
144500540
In base 13, what is -368a81 + -18?
-368a99
In base 15, what is 230830 - -25?
230855
In base 14, what is -d5a9c0 + -5?
-d5a9c5
In base 2, what is -100100 - 1100011010100100011010?
-1100011010100100111110
In base 4, what is 11032122 + 3203?
11101331
In base 4, what is -121303 - 1321321201?
-1322103110
In base 15, what is -321d763 - -5?
-321d75d
In base 14, what is 728bc - 81?
7283b
In base 2, what is 1011001100101 + 11?
1011001101000
In base 12, what is -7450507 + 45?
-7450482
In base 13, what is -2ba010 + -c?
-2ba01c
In base 9, what is -386513 - 101?
-386614
In base 4, what is -110320 - 121102?
-232022
In base 14, what is 0 + 23d610b?
23d610b
In base 3, what is -2021221210 + -111220122?
-2210212102
In base 14, what is 1d10adc + 4?
1d10b02
In base 14, what is 1dc3c2 + -25?
1dc39b
In base 16, what is -1 + 9184b5?
9184b4
In base 11, what is -3882 - 28?
-38aa
In base 15, what is 66480e - -2?
664811
In base 13, what is -24488 + -8?
-24493
In base 7, what is 144 - 20102160?
-20102013
In base 6, what is -122140210 + 5?
-122140201
In base 15, what is 9be - -925a?
9c29
In base 16, what is -2268b3 - -8?
-2268ab
In base 9, what is 54 - 335072?
-335017
In base 15, what is -11e + 6116?
5ee7
In base 8, what is 13205671 - -73?
13205764
In base 3, what is -1101010001 - 201222000?
-2010002001
In base 15, what is 2b31 - 60b?
2525
In base 2, what is -11000000101001001000111 - -1101?
-11000000101001000111010
In base 6, what is -44 + -142150434?
-142150522
In base 15, what is 3098e50 - 5?
3098e4a
In base 11, what is -5065221a - 0?
-5065221a
In base 10, what is -293652 - 7?
-293659
In base 3, what is 1112020101011020 + -12?
1112020101011001
In base 4, what is 3312220 - 12113?
3300101
In base 6, what is -21441255 - 531?
-21442230
In base 13, what is 1140c344 - 5?
1140c33c
In base 12, what is -84719 - 165?
-84882
In base 6, what is 53155 + 3341335?
3434534
In base 7, what is 12621 - 303346?
-260425
In base 16, what is -69 - -3bd4b?
3bce2
In base 6, what is 23353525105 - 1?
23353525104
In base 14, what is 440 - -3d2cd?
3d72d
In base 10, what is -3 - 101098851?
-101098854
In base 5, what is 2322 + 33410?
41232
In base 7, what is 114203 - 523?
113350
In base 15, what is 10e2e - b41?
102dd
In base 3, what is 112 + 10210001202102?
10210001202221
In base 2, what is -11101110101001100111001 - 1?
-11101110101001100111010
In base 11, what is -3 + -23a4131?
-23a4134
In base 9, what is 640 + -1755650?
-1755010
In base 9, what is 3 - 2736277?
-2736274
In base 11, what is -104139 - 276?
-104404
In base 4, what is -1022233 - -211222?
-211011
In base 12, wh